 -26?
-1
What is the value of (-60 - 3) + -2 - (16 + -1 - (422 - 415))?
-73
What is 54 - (-16 - -1 - (134 - 160))?
43
Calculate 2 + -57 + (-981 + 961 - (-1 + -16)).
-58
24 - -4 - (16 - 69 - -16)
65
Calculate 28 - -3 - (-4 + -11 + 6 + 16 + -8).
32
Evaluate -4 + (1 - 7) + 35 + -16 + -7.
2
What is -35 - (70 + 2 + -72)?
-35
Evaluate 1 - (-42 - -37) - (9 + -4 + 1 + 1).
-1
What is (0 - (-13 + 37)) + (76 - 10)?
42
12 + (-12 - -7) + (-51 - -24 - -15) - 60
-65
What is the value of (3 - 9) + (-10 - (5 - 9)) + 14 + -5?
-3
What is the value of 82 + -98 + 38 + -70?
-48
Calculate 0 - 44 - (3252 - 3285).
-11
What is the value of -4 + 1 - (154 + -150) - (-14 - 1) - 9?
-1
4 + (-18 - -14) + 2 + (5 - 55)
-48
What is (3 + -7 - (-2 - 2)) + 859 + -997 + 2?
-136
Evaluate 50 + (-9 - ((19 - 9) + -17 - (-1 + 3))).
50
Calculate 5 + (-13 - (55 - 91)).
28
What is the value of (-26 + 30 - 39) + 29 + -9?
-15
What is the value of (8 + 4 - (83 - 5)) + 3 + -2 + -15?
-80
Evaluate -3 + -15 + 21 + -6 + -5.
-8
-187 + 195 - (-1 + 0 + -118 - (-1 + -3))
123
What is 2 + -1 + 10 + -18 + 0 + 5?
-2
What is 36 + (93 - (-50 + 141))?
38
What is the value of (11 - 69) + 38 + -62?
-82
What is -32 + 3 + (4 - 45) + 57?
-13
Evaluate 23 - (22 + -1 + -17 + -55).
74
Calculate 3 - (-6 + 2) - (4 + -19 + 3 - -2).
17
What is the value of -17 - ((-40 - -31) + 5 + -8 + -38)?
33
What is the value of -45 + -33 + 34 + (6 - (4 - -16))?
-58
What is the value of -11 + 29 + -35 + -31 - 39?
-87
What is the value of -3 + 67 - (-51 + 74)?
41
What is -19 + (17 - (-6 + 20 - -5))?
-21
What is the value of 66 - 17 - (43 - 36)?
42
67 + -164 + -52 + 129
-20
-8 + (27 - 0) + -16 + -10
-7
Evaluate (57 - ((-2 - -19) + -24 - 13)) + (-1 - -1).
77
What is 6 + -156 - -82 - 57?
-125
Evaluate (0 + 42 - (-1882 - -1929)) + (1 - 3 - 83).
-90
What is -6 + -44 - -41 - -70?
61
Evaluate -5 + 14 + (9 - 2) - 74.
-58
What is -58 + 18 + -15 + 58?
3
Calculate (-178 - -158) + 13 + (23 - 14).
2
Evaluate -8 - (13 - 0 - (-34 + 22 + 23)).
-10
What is 44 + (-74 - -55) + (14 - 1) + 0?
38
Evaluate (72 - 10) + 494 + -525.
31
What is (78 - (-30 - -44)) + -34?
30
Evaluate (56 + 2 + -16 - -16) + -10 + (0 - -4).
52
What is 6 - 35 - (6 + 1 - -7 - 20)?
-23
What is the value of 1 + -72 + 67 + -15?
-19
27 + -1 + 2 + -59
-31
13 - (-70 + 98 - ((1 - 1) + 13))
-2
What is the value of -40 + (88 - (35 + -75))?
88
Calculate -33 - -4 - (-6 - (-23 + 10 + 11 + 4)).
-21
Evaluate 32 + 0 + (153 - 133) - 14.
38
Calculate 0 + 32 - (49 - -26 - 93).
50
What is (84 + -20 - 65) + -4 + (3 - 1)?
-3
What is the value of -15 - -32 - 59 - 2 - (-24 - -9)?
-29
Evaluate -16 - (14 - 25) - 12 - (0 - 2).
-15
(-1 - -21) + -25 + 7 + (-9 - -13)
6
Calculate 1 + -8 + 3 + -48 + (-24 - -40).
-36
Calculate -1 + 10 - (-1 - (24 + -3 - 39) - -69).
-77
Evaluate (-3 - -14 - 20 - (41 - 2)) + (20 - 14).
-42
What is the value of (0 - -20) + (30 - (-16 + 58))?
8
Evaluate 0 + -74 + -85 + 222.
63
Evaluate -8 - 1 - (14 - (-5 + 12 - 11 - -96)).
69
What is -11 + (10 - (21 + 20)) + -3?
-45
What is 86 - (-11 - -78) - 113?
-94
Calculate 11 + -20 + -15 - (-2 - -6 - 65).
37
What is the value of 96 + -12 - (-64 + 27) - 16?
105
What is 2 + -4 + 6 + -3 - (6 + -16 - -4)?
7
What is the value of -41 + (-4 - 1 - (122 - 122)) + 13?
-33
Calculate -11 + 233 + -239 + -14 + 1.
-30
Evaluate 86 - (19 - (5 - (29 - 17))).
60
Evaluate -5 + -11 + (35 - 6) + -7.
6
5 + -3 + 3 - -49 - (127 + -117)
44
What is the value of 8 - ((6 - 3) + 13 + -11 - (9 + -12))?
0
Evaluate (-1 - -11) + (-98 - -20) + 112.
44
What is the value of (7 - -3) + (0 - -25) + 273 + -288?
20
What is the value of -39 + 150 + -92 - 59?
-40
What is -152 - (-121 + (83 - 78))?
-36
105 + (53 - 148) - 73
-63
-74 + (1 - -43) - (-24 + -7)
1
Calculate -8 + (12 - (-16 + -24)).
44
Calculate -73 - (-3 + (18 - 22) + -3 + 4 + -3).
-64
Evaluate (-215 - -227 - (14 - -4 - 3)) + -11.
-14
Calculate (-7 + 9 - -41) + (5 - (11 + 5)) + 13.
45
-143 - 5 - (-2246 + 2098)
0
Evaluate -1 - 16 - (50 - (241 + (43 - 70))).
147
What is the value of (2 + -3 - -14) + -57 + (1 - -49) - -7?
13
What is the value of (130 - 133) + -64 - -141?
74
What is the value of -219 + 199 - (2 + -31) - 29?
-20
Evaluate -8 + (-9 - -49) - 66.
-34
30 + -38 + -2 + 32
22
What is the value of 7 - 2 - (-38 + 4 - -19)?
20
Calculate 92 + (75 - 174) - -89.
82
What is the value of 5 + 94 + 7 + (6 - 37)?
75
(-2 - (-5 + -35)) + -117
-79
What is -1 - (-202 - -34) - 310?
-143
What is (-90 - -30 - -20) + 5 + (-5 - 0)?
-40
25 - 2 - (-59 - -84 - 45)
43
65 - (5 - -70) - (0 + -57)
47
Calculate 49 + -183 + -62 + 133.
-63
Evaluate (6 + -3 + 29 - (143 - 122)) + 5.
16
Calculate (10 - 25) + -42 - -89.
32
(1 + 5 - 7) + -24 - (8 - 22)
-11
Evaluate -22 + -27 + 18 + -5.
-36
-84 + -8 + 52 + -26 + 24
-42
(7 - (5 + -3 - (21 + -30))) + (-3 - -111)
104
Evaluate -9 + 2 + (-12 - 12) + 5 + (6 - 11).
-31
Calculate (38 - 0) + (3898 - 3920).
16
Evaluate (-11 - 0 - 14) + (-14 - -2).
-37
Calculate 25 - (-190 + 159 - (3 + -1)).
58
What is 21 - (31 + 33 + -6)?
-37
Calculate -48 + (-3 - 1) + (-17 - (-33 + (21 - -3))).
-60
What is -161 + (38 - (-33 - 51))?
-39
What is -21 + 15 - (485 + -434 + (1 - -6))?
-64
Calculate 12 - (11 - 3) - (13 - (-14 + 112) - -13).
76
Calculate -43 + -4 + -5 + (-8 - (-10 + -9 + 8)).
-49
2 - (0 - (7 + 6 + -13)) - (-42 + -10)
54
Calculate 29 + (6 - (25 - -38)).
-28
What is 0 - 29 - (0 + 39 + -89 + 36)?
-15
What is the value of -20 + 33 + -78 + 13 - -14?
-38
Calculate -12 - (-20 + 11 + 1) - (-226 + 89).
133
What is -14 + 32 + -25 + 39 - (15 - 6)?
23
What is the value of -57 + 5 + -22 + (-3 - (-3 + -13))?
-61
180 + -142 - (3 + 7 + -5)
33
(0 - (-33 + 15)) + 0 + 21
39
What is 47 + (-11 - 1) - (24 - -17)?
-6
What is -68 - (-89 - -61 - 122)?
82
Calculate 0 + 1 + 6 + 453 + (-601 - -22).
-119
Calculate (17 - (34 + -49 + 29) - 11) + (134 - 0).
126
-15 + 10 + 6 + -11 + 2 + 5 - 10
-13
-7 - 1 - ((-585 - -550) + (43 - 1))
-15
-19 + 6 + (-23 - -13) + -2 + 4 + -1
-22
Evaluate 1 + (1 - -33) + (955 - 1012).
-22
Calculate 51 + 12 - 64 - (53 + -1).
-53
What is the value of -54 - (17 - (-11 - -51)) - -15?
-16
Calculate -34 - (-70 + (33 - -21)).
-18
Evaluate -73 - (42 - 112) - -77.
74
What is the value of -31 - 6 - -7 - (-409 + 424)?
-45
Evaluate -4 + (-19 - (-19 - -18)) + 35.
13
What is the value of 80 + (0 - -1) + -32 + 5 + 17?
71
Calculate 10 + (5 - (19 + -11 + -10)).
17
What is the value of 20 + -16 - -81 - (0 + -3 + -17 + 21)?
84
What is (-5 - -3) + 0 - (-22 + (1 - -16))?
3
What is 0 - (7 + -1 + -9) - (-15 + 0 - -4)?
14
Evaluate (-126 - -92) + (-25 - (-12 + -125)).
78
25 - (33 + (-2 - -1) - (-111 + 127))
9
Evaluate -75 + 12 + (-10 - (17 - 28)) + -1 + -13.
-76
Calculate 25 - 79 - 27 - -148.
67
Evaluate 50 - 7 - ((20 - 18) + (1 - 6)).
46
Evaluate 3 - -24 - (-466 + 487) - (92 + (4 - 3)).
-87
What is the value of -4 - ((1 - -26) + (59 - 73)) - -81?
64
Calculate (32 - (2 - -6 - -39)) + 20.
5
-1 + -32 + 46 + -36 + -43 + 52
-14
What is the value of 7 + 21 + -16 - (22 + -3)?
-7
What is 1 + -29 + (19097 - 19115)?
-46
Evaluate (5 + -5 - -13) + 12 + -10 + 12.
27
0 + -2 + 3 + 89 + (-198 - -194) + -6
80
What is -60 + ((-5 - 1 - 11) + 28 + -17 - -17)?
-49
Calculate 763 - 656 - (47 + -3).
63
Evaluate -120 + (17 - -26) + 50.
-27
Evaluate -8 - 7 - (1 + -46) - 13 - 96.
-79
What is (-45 - (-160 - -34)) + -11?
70
What is 43 + (-7 - (-153 - -70))?
119
What is 89 + -197 - -48 - -132?
72
(-6 - -12 - -5) + 54 + -13
52
Evaluate (-20 - -30) + (-87 - -4) + 5.
-68
Calculate -32 + -11 - (-56 - (-161 - -74)).
-74
What is 2 + 2 - (86 + -67) - (9 - 2)?
-22
-45 - (-1 - 8 - (-30 + 20) - (2 + 2))
-42
What is -40 + -37 - (131 + -216)?
8
Calculate 100 + 25 + -111 + -39.
-25
Calculate 2409 + -2428 + 4 + -74.
-89
Calculate -7 - -3 - ((-8 + -2 + -1 - -8) + -8).
7
What is (-18 - (-17 - 17)) + -31 - -5?
-10
16 - 28 - (146 - 161)
3
What is the value of -99 + 86 - (-18 + 20)?
-15
What is the value of -49 - 4 - (-2537 + 2591)?
-107
Evaluate (-13 - -11 - (-2 + 5 + -16)) + 14.
25
What is 41 + 5 + -24 + -40 + 44?
26
Calculate (-11 - -37) + (85 - 100).
11
Calculate (-14 - ((-3 - 6 - -11) + -48)) + 0.
32
What is the value of 5 - -2 - (6 + 3 + -17 - (-5 + 1))?
11
Evaluate (-53 - -43) + (6 - 5 - 19).
-28
(-7 - (55 + (50 - 98))) + (1 - -18)
5
Calculate (-1 - 55) + (-4381 - -4473).
36
What is -97 - (-